002?
3
What is the thousands digit of 272624?
2
What is the hundreds digit of 116751?
7
What is the thousands digit of 476618?
6
What is the thousands digit of 2631020?
1
What is the hundreds digit of 1104605?
6
What is the hundred thousands digit of 574747?
5
What is the thousands digit of 3566455?
6
What is the units digit of 336533?
3
What is the hundred thousands digit of 2205709?
2
What is the thousands digit of 274352?
4
What is the units digit of 4690176?
6
What is the tens digit of 477957?
5
What is the hundred thousands digit of 487414?
4
What is the tens digit of 409787?
8
What is the tens digit of 114009?
0
What is the tens digit of 465938?
3
What is the hundreds digit of 752366?
3
What is the ten thousands digit of 902221?
0
What is the hundreds digit of 133089?
0
What is the units digit of 9779373?
3
What is the hundred thousands digit of 217613?
2
What is the hundreds digit of 5330848?
8
What is the tens digit of 807601?
0
What is the ten thousands digit of 17230238?
3
What is the hundred thousands digit of 6016359?
0
What is the ten thousands digit of 1799572?
9
What is the thousands digit of 781693?
1
What is the tens digit of 15460255?
5
What is the hundred thousands digit of 1762814?
7
What is the hundred thousands digit of 850453?
8
What is the tens digit of 1713064?
6
What is the tens digit of 4380140?
4
What is the ten millions digit of 25478321?
2
What is the units digit of 1660603?
3
What is the units digit of 771668?
8
What is the hundred thousands digit of 288361?
2
What is the thousands digit of 5743546?
3
What is the hundred thousands digit of 2836007?
8
What is the thousands digit of 52274?
2
What is the thousands digit of 5713?
5
What is the millions digit of 2322152?
2
What is the hundreds digit of 2751814?
8
What is the ten thousands digit of 535738?
3
What is the ten thousands digit of 1941179?
4
What is the ten thousands digit of 102586?
0
What is the thousands digit of 248086?
8
What is the units digit of 507210?
0
What is the millions digit of 6547120?
6
What is the ten thousands digit of 850723?
5
What is the hundreds digit of 629076?
0
What is the hundreds digit of 1901331?
3
What is the tens digit of 295018?
1
What is the units digit of 3489056?
6
What is the units digit of 2089034?
4
What is the units digit of 14554931?
1
What is the tens digit of 331403?
0
What is the tens digit of 2171307?
0
What is the units digit of 3911?
1
What is the units digit of 498107?
7
What is the hundred thousands digit of 437622?
4
What is the hundred thousands digit of 165680?
1
What is the hundreds digit of 6475852?
8
What is the hundred thousands digit of 6671635?
6
What is the ten thousands digit of 635679?
3
What is the ten thousands digit of 1228504?
2
What is the thousands digit of 15656?
5
What is the tens digit of 383109?
0
What is the hundreds digit of 9550391?
3
What is the units digit of 170286?
6
What is the tens digit of 22936215?
1
What is the units digit of 68032?
2
What is the ten thousands digit of 109030?
0
What is the units digit of 32200885?
5
What is the hundreds digit of 145776?
7
What is the ten thousands digit of 1000692?
0
What is the tens digit of 11679818?
1
What is the ten thousands digit of 267946?
6
What is the hundred thousands digit of 270295?
2
What is the ten thousands digit of 152236?
5
What is the units digit of 26405858?
8
What is the ten millions digit of 45075901?
4
What is the tens digit of 349274?
7
What is the hundreds digit of 257303?
3
What is the ten thousands digit of 2946856?
4
What is the ten thousands digit of 526974?
2
What is the ten thousands digit of 493218?
9
What is the units digit of 1702476?
6
What is the ten thousands digit of 6994051?
9
What is the ten thousands digit of 14137155?
3
What is the thousands digit of 328543?
8
What is the units digit of 6241073?
3
What is the hundred thousands digit of 496725?
4
What is the hundred thousands digit of 850604?
8
What is the tens digit of 906092?
9
What is the ten thousands digit of 358704?
5
What is the millions digit of 4971033?
4
What is the millions digit of 1650079?
1
What is the units digit of 73462?
2
What is the thousands digit of 983473?
3
What is the thousands digit of 5866247?
6
What is the units digit of 2587819?
9
What is the hundreds digit of 280030?
0
What is the hundred thousands digit of 2723052?
7
What is the units digit of 6965038?
8
What is the ten millions digit of 14767195?
1
What is the units digit of 167403?
3
What is the hundred thousands digit of 1770936?
7
What is the ten thousands digit of 463519?
6
What is the ten thousands digit of 5479602?
7
What is the ten thousands digit of 10888269?
8
What is the hundreds digit of 6300328?
3
What is the tens digit of 16863089?
8
What is the ten thousands digit of 515289?
1
What is the units digit of 599983?
3
What is the units digit of 27041967?
7
What is the ten thousands digit of 6752904?
5
What is the thousands digit of 16594765?
4
What is the tens digit of 80169?
6
What is the hundred thousands digit of 240403?
2
What is the hundred thousands digit of 983440?
9
What is the thousands digit of 274074?
4
What is the thousands digit of 571542?
1
What is the thousands digit of 452971?
2
What is the tens digit of 1428464?
6
What is the ten thousands digit of 1013491?
1
What is the ten thousands digit of 421086?
2
What is the hundreds digit of 185175?
1
What is the ten thousands digit of 621658?
2
What is the tens digit of 2743899?
9
What is the thousands digit of 1155768?
5
What is the hundreds digit of 9903632?
6
What is the units digit of 205091?
1
What is the thousands digit of 28781?
8
What is the units digit of 28097?
7
What is the hundred thousands digit of 3772124?
7
What is the hundred thousands digit of 1913139?
9
What is the tens digit of 16326268?
6
What is the tens digit of 575075?
7
What is the ten thousands digit of 1630568?
3
What is the tens digit of 45111?
1
What is the hundreds digit of 110205?
2
What is the thousands digit of 128885?
8
What is the tens digit of 1091384?
8
What is the hundred thousands digit of 476686?
4
What is the thousands digit of 1438305?
8
What is the thousands digit of 284313?
4
What is the hundreds digit of 186361?
3
What is the hundred thousands digit of 112874?
1
What is the units digit of 14711?
1
What is the tens digit of 3424050?
5
What is the ten thousands digit of 3525930?
2
What is the hundred thousands digit of 879548?
8
What is the ten thousands digit of 6886214?
8
What is the tens digit of 5392339?
3
What is the tens digit of 1458634?
3
What is the thousands digit of 320706?
0
What is the hundred thousands digit of 2062753?
0
What is the hundreds digit of 16890217?
2
What is the thousands digit of 208908?
8
What is the hundred thousands digit of 28106687?
1
What is the thousands digit of 58663?
8
What is the hundreds digit of 342057?
0
What is the tens digit of 584114?
1
What is the tens digit of 8224?
2
What is the hundreds digit of 196466?
4
What is the units digit of 1129628?
8
What is the ten thousands digit of 198240?
9
What is the tens digit of 3245897?
9
What is the ten millions digit of 31815001?
3
What is the tens digit of 309848?
4
What is the hundreds digit of 2984846?
8
What is the ten thousands digit of 10625072?
2
What is the thousands digit of 1200642?
0
What is the thousands digit of 108451?
8
What is the units digit of 1736922?
2
What is the thousands digit of 55477?
5
What is the hundred thousands digit of 243256?
2
What is the hundreds digit of 659258?
2
What is the ten thousands digit of 2002834?
0
What is the ten thousands digit of 1404314?
0
What is the millions digit of 1987605?
1
What is the units digit of 15579698?
8
What is the units digit of 4297801?
1
What is the units digit of 9864?
4
What is the units digit of 103136?
6
What is the hundred thousands digit of 164059?
1
What is the tens digit of 23562780?
8
What is the hundred thousands digit of 259480?
2
What is the hundreds digit of 112098?
0
What is the millions digit of 2965332?
2
What is the hundred thousands digit of 4069534?
0
What is the units digit of 127277?
7
What is the tens digit of 3096598?
9
What is the ten thousands digit of 3210881?
1
What is the tens digit of 854344?
4
What is the ten thousands digit of 2